 13, what is -5b - -6?
-55
In base 13, what is 0 + -381?
-381
In base 9, what is -1 - -74?
73
In base 10, what is 16 - 85?
-69
In base 4, what is -1021 + 3?
-1012
In base 7, what is 5162 + 2?
5164
In base 13, what is 0 + -10?
-10
In base 4, what is 2213 + 0?
2213
In base 7, what is -1 - -34?
33
In base 15, what is -407 - 1?
-408
In base 3, what is 221 + -101?
120
In base 4, what is 1301311 - 0?
1301311
In base 5, what is 110412 + 3?
110420
In base 5, what is 11324 + -21?
11303
In base 5, what is -30443 - 10?
-31003
In base 12, what is -479 + -7?
-484
In base 3, what is -1 + -102220?
-102221
In base 11, what is 28 - -5?
32
In base 2, what is -111001110 + 1011?
-111000011
In base 5, what is 1432 - -2?
1434
In base 6, what is -54 - -35?
-15
In base 6, what is 3 + -210?
-203
In base 15, what is 11e - -24?
143
In base 5, what is 12 - -223?
240
In base 4, what is 223 - -20?
303
In base 15, what is -3 - -c?
9
In base 8, what is 3 + -64?
-61
In base 12, what is -3 - 63?
-66
In base 12, what is 1179b + 0?
1179b
In base 14, what is 120 + -3?
11b
In base 8, what is -225107 + 4?
-225103
In base 4, what is 1103 - 11?
1032
In base 12, what is -3b + 87?
48
In base 7, what is -6 - -1?
-5
In base 2, what is -10 - 10?
-100
In base 12, what is 3874 + 0?
3874
In base 12, what is -3 - -4?
1
In base 8, what is -5 - 324?
-331
In base 9, what is 0 - -77?
77
In base 15, what is -87 - 2?
-89
In base 9, what is -20 + 207?
177
In base 15, what is 5b3 + -6?
5ac
In base 8, what is 457 - -55?
534
In base 4, what is 12 + 12113?
12131
In base 4, what is 1010 - 21?
323
In base 3, what is 102 + 22?
201
In base 12, what is -17178 - 4?
-17180
In base 13, what is -1c1 + -3?
-1c4
In base 6, what is -24412 - 5?
-24421
In base 14, what is -66 + -2?
-68
In base 12, what is -5 - 308?
-311
In base 3, what is 0 - -1122?
1122
In base 7, what is 1 + 255?
256
In base 3, what is -2100012 + 11?
-2100001
In base 15, what is 0 - -161e?
161e
In base 12, what is 12 + 1?
13
In base 6, what is 301 + -13?
244
In base 6, what is 105 + -1?
104
In base 15, what is 15 - 2b?
-16
In base 8, what is 131 - 25?
104
In base 4, what is 3021 - -1?
3022
In base 14, what is 75 - -6?
7b
In base 5, what is 10 + -302?
-242
In base 16, what is a + f?
19
In base 5, what is 10 + -1134?
-1124
In base 12, what is -42 + 0?
-42
In base 7, what is -210146 - 2?
-210151
In base 16, what is c + 8d?
99
In base 4, what is 13332 + 3?
20001
In base 9, what is 20 - -102?
122
In base 3, what is 21211 - 21?
21120
In base 8, what is -4516 - 3?
-4521
In base 13, what is 2 - 6c2?
-6c0
In base 6, what is -304 + 5?
-255
In base 2, what is 1010111 + -10001110?
-110111
In base 8, what is -61 - -5?
-54
In base 10, what is -2 + -3737?
-3739
In base 4, what is 11 + -1030?
-1013
In base 2, what is 101101001 + 1?
101101010
In base 12, what is b - 736?
-727
In base 12, what is -5 - 9a8?
-9b1
In base 11, what is 29a - -5?
2a4
In base 5, what is 2 - -12?
14
In base 8, what is -5 + -516?
-523
In base 16, what is -4 + -fd8?
-fdc
In base 4, what is 11 + 103?
120
In base 5, what is -1210 + 311?
-344
In base 3, what is -12 + -1002222?
-1010011
In base 6, what is 4 - -24?
32
In base 7, what is 6254 + 2?
6256
In base 10, what is 5 - -311?
316
In base 14, what is 8 + 6c?
76
In base 3, what is -11020120 + 10?
-11020110
In base 7, what is 3 - 146?
-143
In base 13, what is 3 + -248?
-245
In base 14, what is 12 + -33?
-21
In base 12, what is 1b8 + -6?
1b2
In base 10, what is 3 + -636?
-633
In base 9, what is -1363 + 1?
-1362
In base 7, what is 1240 - -32?
1302
In base 6, what is -1 - 1002?
-1003
In base 3, what is 21 + 202?
1000
In base 15, what is -2 - a3?
-a5
In base 12, what is 4 - -b6?
ba
In base 6, what is -144 + -23?
-211
In base 7, what is -10 - -1343?
1333
In base 5, what is 1413 + 13?
1431
In base 2, what is -101 + 1000100101100?
1000100100111
In base 7, what is 101 + 2?
103
In base 7, what is 22 + -5?
14
In base 5, what is -1024 - 0?
-1024
In base 16, what is 256c + 2?
256e
In base 4, what is 1203 - 11?
1132
In base 13, what is -87 + 4?
-83
In base 8, what is 6 + 134?
142
In base 16, what is -233 - 1?
-234
In base 4, what is -3 + 22?
13
In base 7, what is 0 + 33?
33
In base 9, what is 36 + -2?
34
In base 4, what is 31203 - 2?
31201
In base 16, what is -e5 - -2?
-e3
In base 5, what is -3130 + -2?
-3132
In base 15, what is 178e + 1?
1790
In base 9, what is 5377 + -5?
5372
In base 4, what is -10 - 10112?
-10122
In base 6, what is -1 + 2355?
2354
In base 4, what is -1 + -3022?
-3023
In base 9, what is 15552 + -5?
15546
In base 14, what is 1 + 20?
21
In base 9, what is 2 - -141?
143
In base 16, what is -1ba3 - -4?
-1b9f
In base 12, what is -b + -29?
-38
In base 8, what is 3 + 117?
122
In base 11, what is -3 + 2544?
2541
In base 4, what is -3 - -2?
-1
In base 14, what is 3 - 155?
-152
In base 10, what is -280 + 43?
-237
In base 9, what is 306 - -3?
310
In base 6, what is -2030 + 3?
-2023
In base 9, what is -20 - 28?
-48
In base 5, what is 341 - 1?
340
In base 15, what is -6d + -9?
-77
In base 12, what is 1b0 - -1?
1b1
In base 13, what is 8 + 1a?
25
In base 14, what is 2b1 - 1?
2b0
In base 11, what is -14 + 309?
2a5
In base 12, what is a1 + 1?
a2
In base 2, what is -110101010 - -10?
-110101000
In base 6, what is 4 - 111?
-103
In base 4, what is 310003 + 2?
310011
In base 8, what is -3 - -10617?
10614
In base 8, what is 2 - 203?
-201
In base 9, what is -140 + 2?
-137
In base 16, what is -6 + -f3?
-f9
In base 11, what is 2193 + 0?
2193
In base 13, what is 12a - -4?
131
In base 4, what is -11 - -30010?
23333
In base 9, what is 12207 + -3?
12204
In base 15, what is -127 - -c?
-11a
In base 9, what is 541 + -2?
538
In base 12, what is -197 + 5?
-192
In base 9, what is 21 - 6?
14
In base 10, what is 0 - -114?
114
In base 8, what is -4 + -10?
-14
In base 8, what is -67 - 15?
-104
In base 13, what is -469 - -3?
-466
In base 11, what is 31 + 1a?
50
In base 4, what is -1131 + -30?
-1221
In base 10, what is 3158 - -3?
3161
In base 7, what is 1301 - 4?
1264
In base 10, what is 638 - 3?
635
In base 3, what is -200010002 + -2?
-200010011
In base 9, what is 787 + 1?
788
In base 6, what is -505 - 0?
-505
In base 13, what is 3 - 11?
-b
In base 4, what is 1110013 - 0?
1110013
In base 7, what is 254 - -2?
256
In base 15, what is -4 - -ce?
ca
In base 13, what is 6 + -6?
0
In base 8, what is -345 + -14?
-361
In base 12, what is 1b - b0?
-91
In base 15, what is -5 - 65?
-6a
In base 3, what is -102210 - 12?
-102222
In base 6, what is -120405 - 3?
-120412
In base 11, what is -357 + 5?
-352
In base 9, what is -4 - -456?
452
In base 15, what is -2dec - 0?
-2dec
In base 12, what is -27 - -2a0?
275
In base 14, what is 7 - -9?
12
In base 12, what is 223 - 2?
221
In base 15, what is 0 - -b?
b
In base 16, what is -10b - -1?
-10a
In base 7, what is 1525 + 2?
1530
In base 15, what is -3 - b4?
-b7
In base 15, what is -4 - 78?
-7c
In base 7, what is 0 + -1164?
-1164
In base 7, what is -4 + 1326?
1322
In base 4, what is -31 - 21?
-112
In base 12, what is 0 + 76a?
76a
In base 8, what is -5 - 154?
-161
In base 14, what is 16 + -8?
c
In base 4, what is -202 - 10?
-212
In base 3, what is 2 - 101121?
-101112
In base 10, what is -1 + -193?
-194
In base 16, what is 24 + -1d?
7
In base 14, what is b1 - 5?
aa
In base 4, what is 1000113 - 11?
1000102
In base 16, what is -2 + -2c?
-2e
In base 13, what is -a75 - -6?
-a6c
In base 2, what is 100110110011 + 100?
100110110111
In base 13, what is -1 - 47?
-48
In base 10, what is 3 + 290?
293
In base 9, what is -1741 - -1?
-1740
In base 14, what is -3b + -3?
-40
In base 13, what is -c5 + -1?
-c6
In base 4, what is 1312 + 1302?
3220
In base 11, what is 2 + 3?
5
In base 15, what is -1dc - 30?
-21c
In base 9, what is -22854 + -4?
-22858
In base 12, what is -13 - 5?
-18
In base 11, what is -13284 + -1?
-13285
In base 16, what is 11 - 4a?
-39
In base 6, what is 0 + 1152?
1152
In base 14, what is -3 + -43?
-46
In base 4, what is -1322 + -12?
-2000
In base 13, what is a - -4?
11
In base 16, what is -2a + -2?
-2c
In base 3, what is -10 - -2220?
2210
In base 13, what is 5 + 691?
696
In base 7, what is 2 - 13063?
-13061
In base 15, what is -213e - -2?
-213c
In base 9, what is 1807 - 2?
1805
In base 8, what is 3 - 137?
-134
In base 16, what is -22 + -ce?
-f0
In base 